{"id":625,"date":"2019-10-29T12:01:15","date_gmt":"2019-10-29T12:01:15","guid":{"rendered":"https:\/\/laurent.qodeinteractive.com\/?page_id=625"},"modified":"2025-09-24T13:21:16","modified_gmt":"2025-09-24T13:21:16","slug":"about-us","status":"publish","type":"page","link":"https:\/\/atypicresto.lu\/?page_id=625","title":{"rendered":"L&rsquo;Atypic"},"content":{"rendered":"<p>[vc_row row_content_width=\u00a0\u00bbgrid\u00a0\u00bb content_text_aligment=\u00a0\u00bbcenter\u00a0\u00bb css=\u00a0\u00bb.vc_custom_1573650753005{padding-top: 160px !important;padding-bottom: 170px !important;}\u00a0\u00bb][vc_column offset=\u00a0\u00bbvc_col-lg-3 vc_col-md-12&Prime;]<div class=\"eltdf-elements-holder   eltdf-one-column  eltdf-responsive-mode-768  \" ><div class=\"eltdf-eh-item    \"  data-item-class=\"eltdf-eh-custom-5559\" data-1400-1600=\"85% 0 0 0\" data-1025-1399=\"97% 0 0 0\" data-769-1024=\"0 0 80px 0\" data-681-768=\"0 0 80px 0\" data-680=\"0 0 80px 0\">\n\t<div class=\"eltdf-eh-item-inner\">\n\t\t<div class=\"eltdf-eh-item-content eltdf-eh-custom-5559\" style=\"padding: 60% 0 0 0\">\n\t\t\t<div class=\"eltdf-single-image-holder     eltdf-image-appear-none\">\n    <div class=\"eltdf-si-inner\" >\n                                                        <img width=\"800\" height=\"800\" src=\"https:\/\/atypicresto.lu\/wp-content\/uploads\/2020\/04\/bar.jpg\" class=\"attachment-full size-full\" alt=\"\" loading=\"lazy\" srcset=\"https:\/\/atypicresto.lu\/wp-content\/uploads\/2020\/04\/bar.jpg 800w, https:\/\/atypicresto.lu\/wp-content\/uploads\/2020\/04\/bar-300x300.jpg 300w, https:\/\/atypicresto.lu\/wp-content\/uploads\/2020\/04\/bar-150x150.jpg 150w, https:\/\/atypicresto.lu\/wp-content\/uploads\/2020\/04\/bar-768x768.jpg 768w, https:\/\/atypicresto.lu\/wp-content\/uploads\/2020\/04\/bar-650x650.jpg 650w, https:\/\/atypicresto.lu\/wp-content\/uploads\/2020\/04\/bar-600x600.jpg 600w, https:\/\/atypicresto.lu\/wp-content\/uploads\/2020\/04\/bar-100x100.jpg 100w\" sizes=\"(max-width: 800px) 100vw, 800px\" \/>                                                <\/div>\n<\/div>\t\t<\/div>\n\t<\/div>\n<\/div><\/div>[\/vc_column][vc_column offset=\u00a0\u00bbvc_col-lg-6 vc_col-md-12&Prime;]<div class=\"eltdf-elements-holder   eltdf-three-columns  eltdf-responsive-mode-1024  \" ><div class=\"eltdf-eh-item    \"  data-item-class=\"eltdf-eh-custom-2155\" data-1400-1600=\"0 15%\" data-1025-1399=\"0 13%\" data-680=\"0 0\">\n\t<div class=\"eltdf-eh-item-inner\">\n\t\t<div class=\"eltdf-eh-item-content eltdf-eh-custom-2155\" style=\"padding: 0 21%\">\n\t\t\t<div class=\"eltdf-section-title-holder    eltdf-st-decor-animation\" style=\"text-align: center\">\n\t<div class=\"eltdf-st-inner\">\n                    <span class=\"eltdf-st-tagline\">\n                Restaurant            <\/span>\n        \t\t            <div class=\"eltdf-st-title-holder\">\n                                    <div class=\"decor\"><svg xmlns=\"http:\/\/www.w3.org\/2000\/svg\" width=\"41.125\" height=\"9.146\">\n                            <path fill=\"none\" stroke=\"#9C7C57\" stroke-miterlimit=\"10\" d=\"M40.881 8.576L20.562.591.244 8.576\"\/>\n                            <path fill=\"none\" stroke=\"#9C7C57\" stroke-miterlimit=\"10\" d=\"M40.881.591L20.562 8.576.243.591\"\/>\n                        <\/svg><\/div>\n                                <h2 class=\"eltdf-st-title\" >\n                    ATYPIC                <\/h2>\n                                    <div class=\"decor\"><svg xmlns=\"http:\/\/www.w3.org\/2000\/svg\" width=\"41.125\" height=\"9.146\">\n                            <path fill=\"none\" stroke=\"#9C7C57\" stroke-miterlimit=\"10\" d=\"M40.881 8.576L20.562.591.244 8.576\"\/>\n                            <path fill=\"none\" stroke=\"#9C7C57\" stroke-miterlimit=\"10\" d=\"M40.881.591L20.562 8.576.243.591\"\/>\n                        <\/svg><\/div>\n                            <\/div>\n\t\t\t\t\t\t\t<p class=\"eltdf-st-text\" >\n\t\t\t\tComme son nom l\u2019indique, ce restaurant \u00e0 Luxembourg-Eich n\u2019a rien de \u00ab classique \u00bb !<br \/>\nSitu\u00e9 en face du Lyc\u00e9e Emile Metz, au 37, rue de Beggen L-1221 Eich Luxembourg, vous serez accueillis dans un cadre inattendu o\u00f9 chaque \u00e9l\u00e9ment de d\u00e9cor a \u00e9t\u00e9 r\u00e9alis\u00e9 avec go\u00fbt et minutie.<br \/>\nD\u00e8s l\u2019entr\u00e9e, vous serez transport\u00e9s dans une ambiance agr\u00e9able o\u00f9 vous serez s\u00e9duits par les nombreux d\u00e9tails.<br \/>\nC\u00f4t\u00e9 cuisine, un plat du jour riche et vari\u00e9 vous est propos\u00e9 en sublimant des produits frais et de qualit\u00e9. Du c\u00f4t\u00e9 de la carte, de belles surprises vous attendent toujours en mettant l\u2019accent sur le go\u00fbt et la qualit\u00e9 des produits.<br \/>\nEn famille ou entre amis, le restaurant Atypic est id\u00e9al pour vos moments de convivialit\u00e9 et de f\u00eate. Pour des afterwork, l\u2019Atypic vous propose \u00e9galement de nombreuses solutions et met son local \u00e0 disposition pour des \u00e9v\u00e8nements de soci\u00e9t\u00e9s.<br \/>\nPour les beaux jours, vous profiterez d\u2019une terrasse agr\u00e9able o\u00f9 vous retrouverez la m\u00eame ambiance atypique et unique.<br \/>\nN\u2019ayez pas peur de changer vos habitudes classiques et laissez vos papilles d\u00e9couvrir de nouvelles saveurs dans un lieu atypic et rempli de charme !\t\t\t<\/p>\n\t\t\t\t\t<\/div>\n<\/div>[vc_empty_space height=\u00a0\u00bb12px\u00a0\u00bb]<a itemprop=\"url\" href=\"https:\/\/atypicresto.lu\/?page_id=771\" target=\"_self\"  class=\"eltdf-btn eltdf-btn-medium eltdf-btn-outline\"  >\n        <span class=\"eltdf-btn-text\">L&#039;espace<\/span>\n        <\/a>\t\t<\/div>\n\t<\/div>\n<\/div><\/div>[\/vc_column][vc_column offset=\u00a0\u00bbvc_col-lg-3 vc_col-md-12&Prime;]<div class=\"eltdf-elements-holder   eltdf-one-column  eltdf-responsive-mode-768  \" ><div class=\"eltdf-eh-item    \"  data-item-class=\"eltdf-eh-custom-2335\" data-1400-1600=\"85% 0 0 0\" data-1025-1399=\"98% 0 0 0\" data-769-1024=\"80px 0 0 0\" data-681-768=\"80px 0 0 0\" data-680=\"80px 0 0 0\">\n\t<div class=\"eltdf-eh-item-inner\">\n\t\t<div class=\"eltdf-eh-item-content eltdf-eh-custom-2335\" style=\"padding: 65% 0 0 29px\">\n\t\t\t<div class=\"eltdf-single-image-holder     eltdf-image-appear-none\">\n    <div class=\"eltdf-si-inner\" >\n                                                        <img width=\"800\" height=\"800\" src=\"https:\/\/atypicresto.lu\/wp-content\/uploads\/2020\/04\/fenetre.jpg\" class=\"attachment-full size-full\" alt=\"\" loading=\"lazy\" srcset=\"https:\/\/atypicresto.lu\/wp-content\/uploads\/2020\/04\/fenetre.jpg 800w, https:\/\/atypicresto.lu\/wp-content\/uploads\/2020\/04\/fenetre-300x300.jpg 300w, https:\/\/atypicresto.lu\/wp-content\/uploads\/2020\/04\/fenetre-150x150.jpg 150w, https:\/\/atypicresto.lu\/wp-content\/uploads\/2020\/04\/fenetre-768x768.jpg 768w, https:\/\/atypicresto.lu\/wp-content\/uploads\/2020\/04\/fenetre-650x650.jpg 650w, https:\/\/atypicresto.lu\/wp-content\/uploads\/2020\/04\/fenetre-600x600.jpg 600w, https:\/\/atypicresto.lu\/wp-content\/uploads\/2020\/04\/fenetre-100x100.jpg 100w\" sizes=\"(max-width: 800px) 100vw, 800px\" \/>                                                <\/div>\n<\/div>\t\t<\/div>\n\t<\/div>\n<\/div><\/div>[\/vc_column][\/vc_row][vc_row css=\u00a0\u00bb.vc_custom_1573650902360{padding-top: 167px !important;padding-bottom: 165px !important;}\u00a0\u00bb][vc_column]<div class=\"eltdf-elements-holder   eltdf-one-column  eltdf-responsive-mode-768  \" ><div class=\"eltdf-eh-item    \"  data-item-class=\"eltdf-eh-custom-1496\" data-1400-1600=\"0 9.7%\" data-1025-1399=\"0 11.5%\" data-769-1024=\"0 10%\" data-681-768=\"0 8%\" data-680=\"0 3.5%\">\n\t<div class=\"eltdf-eh-item-inner\">\n\t\t<div class=\"eltdf-eh-item-content eltdf-eh-custom-1496\" style=\"padding: 0 14%\">\n\t\t\t<div class=\"eltdf-testimonials-holder clearfix eltdf-testimonials-standard \">\n    <div class=\"eltdf-testimonials-mark\"><\/div>\n    <div class=\"eltdf-testimonials eltdf-owl-slider\" data-number-of-items=\"1\" data-enable-loop=\"yes\" data-enable-autoplay=\"yes\" data-slider-speed=\"5000\" data-slider-speed-animation=\"600\" data-enable-navigation=\"yes\" data-enable-pagination=\"yes\" >\n\n    \n            <div class=\"eltdf-testimonial-content\" id=\"eltdf-testimonials-160\">\n                <div class=\"eltdf-testimonial-text-holder\">\n                                                                <p class=\"eltdf-testimonial-text\">Tr\u00e8s bonne surprise \ud83d\ude42 endroit accueillant, repas excellents. A refaire \ud83d\udc4d\ud83c\udffd<\/p>\n                                                                <h5 class=\"eltdf-testimonial-author\">\n                            <span class=\"eltdf-testimonials-author-name\">Sandra Pinto<\/span>\n                        <\/h5>\n                                                                <p class=\"eltdf-testimonials-author-job\">Cliente<\/p>\n                                    <\/div>\n                            <\/div>\n\n    \n            <div class=\"eltdf-testimonial-content\" id=\"eltdf-testimonials-98\">\n                <div class=\"eltdf-testimonial-text-holder\">\n                                                                <p class=\"eltdf-testimonial-text\">Endroit agr\u00e9able, plats tr\u00e8s bons et copieux.<\/p>\n                                                                <h5 class=\"eltdf-testimonial-author\">\n                            <span class=\"eltdf-testimonials-author-name\">Dani Gonzo<\/span>\n                        <\/h5>\n                                                                <p class=\"eltdf-testimonials-author-job\">Client<\/p>\n                                    <\/div>\n                            <\/div>\n\n    \n            <div class=\"eltdf-testimonial-content\" id=\"eltdf-testimonials-36\">\n                <div class=\"eltdf-testimonial-text-holder\">\n                                                                <p class=\"eltdf-testimonial-text\">Agr\u00e9ablement surprise par la cuisine propos\u00e9e, savoureuse, et g\u00e9n\u00e9reuse. le propri\u00e9taire est tr\u00e8s disponible. la d\u00e9co a \u00e9t\u00e9 choisie avec go\u00fbt. bref, une tr\u00e8s agr\u00e9able soir\u00e9e, \u00e0 recommander<\/p>\n                                                                <h5 class=\"eltdf-testimonial-author\">\n                            <span class=\"eltdf-testimonials-author-name\">Joana Cardoso<\/span>\n                        <\/h5>\n                                                                <p class=\"eltdf-testimonials-author-job\">Cliente<\/p>\n                                    <\/div>\n                            <\/div>\n\n    \n    <\/div>\n<\/div>\t\t<\/div>\n\t<\/div>\n<\/div><\/div>[\/vc_column][\/vc_row]<\/p>\n","protected":false},"excerpt":{"rendered":"<p>[vc_row row_content_width=\u00a0\u00bbgrid\u00a0\u00bb content_text_aligment=\u00a0\u00bbcenter\u00a0\u00bb css=\u00a0\u00bb.vc_custom_1573650753005{padding-top: 160px !important;padding-bottom: 170px !important;}\u00a0\u00bb][vc_column offset=\u00a0\u00bbvc_col-lg-3 vc_col-md-12&Prime;][\/vc_column][vc_column offset=\u00a0\u00bbvc_col-lg-6 vc_col-md-12&Prime;][\/vc_column][vc_column offset=\u00a0\u00bbvc_col-lg-3 vc_col-md-12&Prime;][\/vc_column][\/vc_row][vc_row css=\u00a0\u00bb.vc_custom_1573650902360{padding-top: 167px !important;padding-bottom: 165px !important;}\u00a0\u00bb][vc_column][\/vc_column][\/vc_row]<\/p>\n","protected":false},"author":1,"featured_media":0,"parent":0,"menu_order":0,"comment_status":"closed","ping_status":"closed","template":"full-width.php","meta":{"_mi_skip_tracking":false,"_monsterinsights_sitenote_active":false,"_monsterinsights_sitenote_note":"","_monsterinsights_sitenote_category":0,"_uf_show_specific_survey":0,"_uf_disable_surveys":false},"aioseo_notices":[],"_links":{"self":[{"href":"https:\/\/atypicresto.lu\/index.php?rest_route=\/wp\/v2\/pages\/625"}],"collection":[{"href":"https:\/\/atypicresto.lu\/index.php?rest_route=\/wp\/v2\/pages"}],"about":[{"href":"https:\/\/atypicresto.lu\/index.php?rest_route=\/wp\/v2\/types\/page"}],"author":[{"embeddable":true,"href":"https:\/\/atypicresto.lu\/index.php?rest_route=\/wp\/v2\/users\/1"}],"replies":[{"embeddable":true,"href":"https:\/\/atypicresto.lu\/index.php?rest_route=%2Fwp%2Fv2%2Fcomments&post=625"}],"version-history":[{"count":9,"href":"https:\/\/atypicresto.lu\/index.php?rest_route=\/wp\/v2\/pages\/625\/revisions"}],"predecessor-version":[{"id":3261,"href":"https:\/\/atypicresto.lu\/index.php?rest_route=\/wp\/v2\/pages\/625\/revisions\/3261"}],"wp:attachment":[{"href":"https:\/\/atypicresto.lu\/index.php?rest_route=%2Fwp%2Fv2%2Fmedia&parent=625"}],"curies":[{"name":"wp","href":"https:\/\/api.w.org\/{rel}","templated":true}]}}